ase 12
323666
52229a (base 11) to base 9
1515811
3310a6 (base 11) to base 12
215a37
Convert -4521560 (base 8) to base 6.
-42103012
What is -1346b16 (base 13) in base 8?
-27117350
-102202220002 (base 3) to base 4
-320210333
What is a9baa (base 12) in base 5?
24142001
-1abaa9 (base 15) to base 2
-100111110101001000111
What is -4514d (base 16) in base 11?
-183654
Convert 133d55 (base 15) to base 5.
214040010
Convert 29554b (base 12) to base 8.
2512713
What is 11054725 (base 8) in base 3?
11111000220002
640a3 (base 14) to base 15
4b8ca
What is -111110010100110101 (base 2) in base 7?
-2112162
What is -1110100100111010111101 (base 2) in base 11?
-217aa5a
Convert -7a16 (base 16) to base 10.
-31254
Convert 3a8534 (base 11) to base 15.
c9d38
What is 18b180 (base 12) in base 9?
731256
-442b9 (base 16) to base 4
-1010022321
Convert 2356530 (base 7) to base 3.
120020120220
Convert -3110320202 (base 5) to base 13.
-140c292
What is 13c9a05 (base 15) in base 12?
4960728
What is 1146172 (base 8) in base 13?
b01b7
Convert 50251553 (base 6) to base 3.
2200020210220
Convert -1509bd (base 14) to base 2.
-10110010101010111011
What is -114b5bb (base 15) in base 5?
-11133002201
-367b5 (base 15) to base 10
-173870
What is 22633464 (base 7) in base 13?
549729
What is -12299a (base 11) in base 16?
-2f691
Convert 1063204 (base 7) to base 2.
100000100001000010
What is -b320cd (base 14) in base 4?
-113001313311
Convert -198a3aa (base 13) to base 10.
-8419551
Convert 54b4b8 (base 12) to base 10.
1346828
Convert -1456142 (base 11) to base 14.
-49005d
-358b3c (base 14) to base 15
-26220e
Convert -11101111001011000001001 (base 2) to base 3.
-112202011121102
What is -3384a5 (base 12) in base 9?
-1484228
What is -3220023001 (base 4) in base 7?
-11040346
What is -2115221 (base 6) in base 15?
-20a34
Convert -35465530 (base 7) to base 15.
-421194
Convert -1001000001101101100 (base 2) to base 5.
-33431123
62136 (base 7) to base 10
15168
Convert -2542243 (base 8) to base 6.
-23043043
231120202 (base 4) to base 6
3552334
211830 (base 10) to base 2
110011101101110110
What is 2010242 (base 5) in base 15?
96ec
What is -710855 (base 9) in base 11?
-268006
What is 10110100000010111011001 (base 2) in base 5?
3002242422
What is 2673bb (base 14) in base 7?
14162124
-1112220012002 (base 3) to base 11
-51361a
Convert 10101011011101101 (base 2) to base 4.
111123231
What is -331044 (base 9) in base 7?
-1452043
221122100201 (base 3) to base 16
7b39a
Convert -41031545 (base 6) to base 10.
-1170713
Convert 25365530 (base 7) to base 3.
11022221221102
Convert -20316244 (base 7) to base 16.
-19f8d0
Convert -139664 (base 14) to base 13.
-1aa0c3
ccbdcb (base 14) to base 2
11010100000001111001111
-312385 (base 9) to base 5
-21413421
10101200122220 (base 3) to base 11
1022a3a
-201310 (base 4) to base 6
-14004
What is 102201220 (base 4) in base 6?
1343144
412038 (base 12) to base 2
11111000111010101100
What is 1333601 (base 8) in base 7?
3120203
Convert dc224 (base 14) to base 3.
1000001210212
2330543 (base 6) to base 3
20010121200
Convert -a19065 (base 11) to base 9.
-3064732
Convert 2003030202 (base 4) to base 15.
a9353
What is 21a33 (base 12) in base 15?
d389
Convert 24b89a (base 12) to base 13.
180670
aaa4 (base 11) to base 7
60444
Convert -123112022 (base 4) to base 3.
-12200122112
What is 11204211210 (base 5) in base 7?
211560635
What is -496b2 (base 13) in base 7?
-1102046
Convert 210101221201101 (base 3) to base 14.
17219dd
Convert 113233333 (base 4) to base 6.
2030211
What is b3a467 (base 12) in base 16?
2afd0f
What is -57221 (base 12) in base 14?
-30441
Convert -23301321030 (base 4) to base 8.
-13617114
11210324042 (base 5) to base 13
27ba297
What is -3d706 (base 15) in base 16?
-302d3
1221240234 (base 5) to base 7
33530513
Convert 2027477 (base 8) to base 4.
2002330333
What is -4243430 (base 6) in base 9?
-346500
What is -2ba14 (base 15) in base 2?
-100010010101100100
243011221 (base 5) to base 11
70a63a
Convert 1200332023 (base 4) to base 11.
251467
What is 1320754 (base 13) in base 10?
5999062
-1402111 (base 5) to base 6
-335302
27dd50 (base 14) to base 11
864a57
-210010101121 (base 3) to base 9
-703347
What is 1221d8 (base 16) in base 15?
18715c
What is -232873 (base 10) in base 7?
-1656634
What is -91ea3 (base 16) in base 6?
-20450551
Convert -111110010101100000010 (base 2) to base 9.
-3752854
What is b7aa8 (base 13) in base 8?
1207162
Convert -65114005 (base 7) to base 2.
-10101001011000000001000
What is -472091 (base 15) in base 8?
-14756151
-4561073 (base 9) to base 10
-2461170
Convert 563877 (base 9) to base 6.
11122324
What is 232233032 (base 4) in base 7?
1425062
-1100111001111101110000 (base 2) to base 4
-30321331300
Convert 1751c (base 14) to base 3.
2222102111
8117857 (base 9) to base 11
2492987
Convert 2702715 (base 8) to base 4.
2320113031
Convert -274002 (base 8) to base 2.
-10111100000000010
-1113321304 (base 5) to base 2
-1001011101010111011011
What is 1984033 (base 11) in base 10?
3343508
Convert 122142241 (base 5) to base 16.
8e987
What is 11021223 (base 6) in base 8?
1203417
What is -735223 (base 8) in base 10?
-244371
Convert -130433 (base 10) to base 4.
-133312001
Convert -303323203 (base 4) to base 10.
-212707
-129963 (base 12) to base 2
-1001011000000011011
What is -bd46 (base 15) in base 8?
-116264
2645945 (base 11) to base 10
4575785
Convert 1777915 (base 11) to base 4.
23133103303
What is 3000002111 (base 4) in base 7?
6454145
Convert -32a18 (base 15) to base 10.
-160898
120330221220 (base 4) to base 12
22347a0
1e299 (base 15) to base 5
11122334
Convert -10032100233 (base 4) to base 3.
-2002020111200
Convert -223230100 (base 4) to base 5.
-21211320
What is -926280 (base 11) in base 13?
-400b20
What is 112032332030 (base 4) in base 13?
1290c17
2112002021021 (base 3) to base 14
26c534
Convert -cc21f (base 16) to base 4.
-3030020133
Convert -2468038 (base 9) to base 14.
-26dca3
Convert 23a11 (base 14) to base 3.
11102101200
Convert -2412424 (base 7) to base 9.
-515457
-10111011010000111 (base 2) to base 3
-11212112002
Convert -34d765 (base 14) to base 2.
-110111000011111101101
Convert 13430245 (base 6) to base 11.
290934
-840230 (base 9) to base 11
-310858
-12451344 (base 6) to base 14
-a9bc4
Convert 2535045 (base 9) to base 8.
5212170
Convert -100011001100000 (base 2) to base 8.
-43140
Convert -1769d98 (base 14) to base 13.
-2516211
What is 67268 (base 15) in base 16?
500f3
-12529b (base 12) to base 13
-a6340
Convert -642765 (base 8) to base 5.
-23331032
-3032301030 (base 4) to base 6
-30052540
-b1239 (base 14) to base 10
-425763
What is -51c52d (base 15) in base 6?
-215205224
Convert -25551 (base 6) to base 8.
-7453
-510102024 (base 6) to base 16
-848aa0
30124 (base 13) to base 9
140724
Convert -52585 (base 10) to base 9.
-80117
11022010220 (base 3) to base 2
10100101010111101
Convert -130b66 (base 12) to base 6.
-10411410
79742 (base 16) to base 15
9c5ee
Convert -3463110 (base 8) to base 11.
-595009
-31212131211 (base 4) to base 11
-2015825
Convert -323301433 (base 6) to base 5.
-2433344042
What is -1ce07c (base 15) in base 8?
-5312142
What is -10001110100101110001101 (base 2) in base 14?
-898aa9
What is -303045 (base 6) in base 2?
-101110111000101
Convert 22c23 (base 13) to base 8.
174125
What is -111222230021 (base 4) in base 3?
-101200120022222
-3243312243 (base 5) to base 12
-2420a97
What is 13a46db (base 14) in base 3?
122221122202022
What is -233246 (base 8) in base 16?
-136a6
Convert 74055 (base 10) to base 6.
1330503
What is 122931 (base 10) in base 2?
11110000000110011
11120122220201 (base 3) to base 14
4750a1
What is 280447 (base 11) in base 13?
125221
Convert 21233440 (base 5) to base 16.
2c10f
Convert -22106 (base 15) to base 9.
-174416
Convert 4044548 (base 9) to base 13.
5a608c
Convert 4440320 (base 5) to base 16.
12f11
-2200112220 (base 3) to base 13
-1b0c6
Convert 11010001101101 (base 2) to base 8.
32155
What is 811735 (base 13) in base 5?
1232033304
-9473a (base 11) to base 7
-1113166
What is -104424134 (base 5) in base 7?
-3654511
Convert -d62d1 (base 16) to base 5.
-211033030
What is -2001000111202 (base 3) in base 9?
-2030452
What is 142bcb2 (base 13) in base 8?
30313063
-bccb (base 13) to base 4
-12123322
Convert -36204 (base 7) to base 4.
-2